te number?
True
Is 4595947 prime?
True
Is 382433 a prime number?
False
Is 78132341 a composite number?
True
Is 107735057 composite?
True
Is 30715423 a composite number?
False
Is 132878111 a composite number?
False
Is 9628747 prime?
False
Is 4198907 a prime number?
False
Is 337255273 a composite number?
False
Is 5221543 a composite number?
False
Is 45817 prime?
True
Is 83353115 prime?
False
Is 1185511 a composite number?
False
Is 2329997 a prime number?
True
Is 108382093 prime?
False
Is 95436203 a prime number?
True
Is 867593 composite?
True
Is 3014855 composite?
True
Is 103913 prime?
True
Is 66631 a composite number?
True
Is 603623563 a prime number?
False
Is 27693461 a prime number?
False
Is 1230809 prime?
False
Is 83902219 composite?
False
Is 466399607 a composite number?
True
Is 1732853 a prime number?
False
Is 152271971 a composite number?
False
Is 292892953 a prime number?
False
Is 3982683 composite?
True
Is 37041041 a prime number?
False
Is 343997909 prime?
False
Is 30770359 prime?
True
Is 4462609 a composite number?
False
Is 190642583 a composite number?
False
Is 81563299 prime?
True
Is 185593 a prime number?
True
Is 6723329 a composite number?
False
Is 29934335 prime?
False
Is 90540831 composite?
True
Is 23850503 a composite number?
False
Is 2483219 composite?
False
Is 15844277 prime?
True
Is 42142085 a prime number?
False
Is 6045638 a composite number?
True
Is 3662551 a prime number?
True
Is 26530501 a prime number?
True
Is 72067 composite?
True
Is 9889889 a composite number?
False
Is 21286563 a prime number?
False
Is 19539403 a composite number?
True
Is 5211793 a composite number?
True
Is 2643989 a composite number?
False
Is 4024123 a composite number?
False
Is 983659 prime?
True
Is 4672037 a composite number?
False
Is 383704919 a composite number?
True
Is 3724571 composite?
True
Is 1871015 prime?
False
Is 104209409 a prime number?
False
Is 14512219 composite?
True
Is 108419651 a composite number?
True
Is 14036173 composite?
False
Is 184318663 prime?
False
Is 1746907 a prime number?
True
Is 441312393 a composite number?
True
Is 113471 a prime number?
False
Is 329882923 a prime number?
True
Is 4852763 composite?
True
Is 5991683 prime?
False
Is 297238415 a composite number?
True
Is 12338687 a prime number?
False
Is 96255557 composite?
True
Is 21363701 composite?
True
Is 7850459 a prime number?
True
Is 518645783 a composite number?
False
Is 49141597 prime?
True
Is 112759043 prime?
True
Is 9493511 a composite number?
True
Is 5132051 prime?
True
Is 1952381 a composite number?
False
Is 1385771 a composite number?
True
Is 107128559 a composite number?
False
Is 6711689 composite?
True
Is 12698709 a prime number?
False
Is 48282607 prime?
True
Is 1462771 a composite number?
True
Is 5235106 prime?
False
Is 3485159 a prime number?
True
Is 1025537 composite?
False
Is 8473523 a composite number?
False
Is 6942679 a prime number?
True
Is 815539 prime?
True
Is 10432979 a prime number?
True
Is 6262757 prime?
True
Is 78284891 a composite number?
True
Is 2695031 composite?
False
Is 1757186 a composite number?
True
Is 63537701 a composite number?
True
Is 115473269 composite?
True
Is 20840903 a composite number?
True
Is 549281 a composite number?
False
Is 358447069 prime?
True
Is 11963093 a prime number?
False
Is 1651556185 composite?
True
Is 54417889 prime?
True
Is 4335541 a prime number?
False
Is 62985791 a composite number?
True
Is 5518817 a prime number?
True
Is 11153518 composite?
True
Is 9445963 composite?
True
Is 2055847 composite?
False
Is 33075407 a composite number?
True
Is 5166379 prime?
False
Is 236926693 composite?
False
Is 203401805 a composite number?
True
Is 465977 prime?
True
Is 2766549157 prime?
True
Is 7429777 prime?
True
Is 282939563 composite?
False
Is 327869 a prime number?
True
Is 24156191 prime?
False
Is 11561867 a prime number?
False
Is 36440751 a prime number?
False
Is 172076237 a composite number?
True
Is 60189583 a composite number?
False
Is 39224665 a composite number?
True
Is 3293789 prime?
True
Is 2684641 a composite number?
False
Is 34665467 a prime number?
True
Is 687589 a prime number?
False
Is 4505231 composite?
True
Is 2457383 composite?
False
Is 185461337 composite?
True
Is 577945 prime?
False
Is 4945961 a prime number?
True
Is 458349935 a prime number?
False
Is 109125073 composite?
True
Is 200962403 composite?
False
Is 2196543 a composite number?
True
Is 723893 prime?
True
Is 2316863 a composite number?
False
Is 3012719 composite?
False
Is 1096607 composite?
True
Is 415881273 prime?
False
Is 1651747 prime?
True
Is 557658181 prime?
True
Is 113099759 a composite number?
True
Is 437369279 composite?
False
Is 317508647 a composite number?
False
Is 15423791 prime?
True
Is 9242741 prime?
True
Is 7210877 a composite number?
False
Is 35156741 a prime number?
True
Is 13192057 prime?
True
Is 1531937 prime?
False
Is 1407895699 composite?
True
Is 171138623 a composite number?
False
Is 194192501 a composite number?
False
Is 38767 a prime number?
True
Is 44099581 prime?
False
Is 54268873 a composite number?
True
Is 9748993 a composite number?
False
Is 20080351 a composite number?
True
Is 12261651 a composite number?
True
Is 309667 prime?
True
Is 107087317 a prime number?
True
Is 180485633 prime?
True
Is 284125241 composite?
False
Is 287719 prime?
False
Is 160001 composite?
False
Is 56725813 a prime number?
True
Is 543211897 prime?
False
Is 114325643 prime?
True
Is 1508071 composite?
True
Is 1811037 prime?
False
Is 10230739 composite?
True
Is 4709753 a composite number?
False
Is 309039473 a composite number?
False
Is 158531149 prime?
False
Is 4744199 a prime number?
True
Is 4227017 a composite number?
True
Is 7693277 composite?
True
Is 19041793 a composite number?
False
Is 10946149 composite?
False
Is 68238017 a composite number?
True
Is 313123927 a prime number?
True
Is 4881311 prime?
False
Is 16230671 prime?
False
Is 3294791 composite?
False
Is 1496189647 prime?
True
Is 368899 prime?
True
Is 391847 prime?
True
Is 5918777 composite?
False
Is 46375861 a prime number?
False
Is 3019619 a prime number?
True
Is 1654143009 composite?
True
Is 985019237 a composite number?
False
Is 409579 a composite number?
False
Is 1460077939 a prime number?
True
Is 6428341 a prime number?
False
Is 124765367 composite?
False
Is 73556531 a prime number?
False
Is 3019019 prime?
True
Is 1785097 a composite number?
False
Is 65041 a prime number?
False
Is 6466529 prime?
True
Is 147656549 a prime number?
True
Is 55560809 a composite number?
False
Is 5266337 prime?
True
Is 135949721 composite?
True
Is 1223569 prime?
True
Is 578639 prime?
False
Is 97855873 a composite number?
False
Is 5922773 prime?
True
Is 1555351 a prime number?
False
Is 106614754 a prime number?
False
Is 21194959 a prime number?
True
Is 267967 composite?
True
Is 505727 prime?
True
Is 12024811 a composite number?
False
Is 87244522 a composite number?
True
Is 919959 a prime number?
False
Is 3739699 composite?
False
Is 576613 prime?
True
Is 110727827 a prime number?
False
Is 2693591 prime?
True
Is 166743773 prime?
False
Is 1491547 prime?
True
Is 44697583 a composite number?
True
Is 232692233 prime?
False
Is 126459031 composite?
False
Is 40263559 a prime number?
False
Is 6523063 a composite number?
True
Is 390953 prime?
True
Is 18655577 a composite number?
False
Is 6869377 a prime number?
False
Is 664127 prime?
False
Is 386952923 composite?
True
Is 2047729 a composite number?
False
Is 37639141 composite?
False
Is 67351061 a composite number?
True
Is 4698799 a composite number?
True
Is 777305 a composite number?
True
Is 1146335 prime?
False
Is 797309 a composite number?
False
Is 4493653 prime?
False
Is 31563733 prime?
True
Is 45940703 prime?
True
Is 261999743 a prime number?
True
Is 174479 prime?
False
Is 45132767 a prime number?
True
Is 14321809 a composite number?
True
Is 79959557 prime?
False
Is 1532849 a prime number?
True
Is 149951 a composite number?
True
Is 675497 composite?
True
Is 15603271 composite?
False
Is 117951053 a prime number?
False
Is 29603611 a prime number?
False
Is 39736811 a composite number?
False
Is 292119007 a composite number?
True
Is 7362941 a prime number?
True
Is 2326799 prime?
True
Is 110098441 a composite number?
True
Is 6699653 a prime number?
False
Is 81292297